5*k - 36. Let f be w(-8). What is the highest common divisor of 98 and f?
14
Let t be 2 - 2 - (3 - 35). Calculate the highest common factor of 2 and t.
2
Let w(g) = -177*g - 1. Let d be w(-1). Suppose -z = -36*y + 31*y + 112, 5*z = -3*y + 56. Calculate the highest common divisor of d and y.
22
Suppose 2*m - 320 = -2*i, -316 = 21*i - 23*i - m. What is the highest common factor of i and 78?
78
Suppose 3*b = 5*q + 15 + 20, 0 = -3*q - 4*b - 50. Let s be (q/8)/(4/(-32)). Calculate the greatest common divisor of s and 10.
10
Let a be 2 - 3 - (24/(-2) - -3). What is the greatest common factor of a and 38?
2
Let t be 1 + (-58)/(2/(-1)). Suppose -10 - 8 = -j + 3*h, 5*h + 8 = -2*j. Suppose -n + 16 = j. Calculate the highest common divisor of t and n.
10
Let y(g) = g**3 - 3*g**2 + 5*g - 13. Let u be y(3). Suppose 5*d - 124 = 2*q + u*q, -3*q = -5*d + 128. What is the greatest common divisor of 84 and d?
28
Suppose 2*v + 5*o - 8*o - 246 = 0, 0 = -v + 3*o + 123. What is the greatest common divisor of v and 82?
41
Let x(w) = 2 + 5*w**3 - 3 - 2*w - w**3 - 1 + 2*w**2. Let m be x(2). Let o = m - 21. What is the highest common factor of o and 91?
13
Suppose 2 = -5*y + 7. Suppose 26 = -8*k + 34. What is the greatest common factor of y and k?
1
Suppose 2*p = -0*p - 10. Let c be 9 + p/(-10)*-8. Suppose -4*q + c*b = -8, -5*q + 4*b + 13 = 3. Calculate the highest common factor of q and 16.
2
Let t be 4 + (44/(-55))/((-1)/5). Let o = 34 + 3. Suppose -2*a + 5 - o = -3*n, -4*n = 4*a - 16. What is the greatest common factor of n and t?
8
Suppose 5*w = v - 3*v - 28, 10 = -2*w - 2*v. Let j = w - -13. Let d(h) = -h**2 + 10*h - 5. Let k be d(j). What is the highest common divisor of k and 2?
2
Let v = 36 + -6. Let i be (8/6)/(5*4/v). Calculate the greatest common divisor of 8 and i.
2
Let m be 15/(9/(-6) + 2 - -1). Let t be 4/(-20) - (-322)/m. Calculate the highest common factor of t and 32.
32
Let x be 1 + 62 + 4 + 40/(-5). Let j = 98 - x. Calculate the highest common factor of 91 and j.
13
Suppose -5*l = -201 + 81. Calculate the greatest common divisor of l and 396.
12
Suppose -2 = -5*u + 3*u. Let l be 76/(-28) + 3 - 204/(-21). What is the greatest common divisor of u and l?
1
Suppose 3*l - 9 = 2*j - 3, 0 = 4*l - 4*j - 12. Suppose 2*n + 0*b - 4*b - 20 = l, 5*n = 3*b + 29. Calculate the highest common divisor of n and 2.
2
Suppose 4 = -8*p + 44. Suppose 0 - 5 = -p*d. Calculate the highest common divisor of 16 and d.
1
Suppose 0 = -5*r + 4*j - 5, -5 - 19 = -3*r - 3*j. Suppose -13 - 11 = -r*n. Calculate the greatest common factor of n and 8.
8
Suppose p - 11 = -g, 13 = 5*p - 5*g - 22. Let o(v) = -11*v. Let s(i) = 4*i + 11. Let m be s(-5). Let k be o(m). What is the highest common factor of k and p?
9
Let r = 141 + -131. Let p be 20/50 + (-98)/(-5). What is the highest common factor of r and p?
10
Let z = 392 - 316. Calculate the greatest common divisor of 19 and z.
19
Suppose -r = -18 - 60. Let f(z) = -8*z**3 - 3*z**2 - z + 3. Let i be f(-3). Calculate the greatest common divisor of r and i.
39
Suppose 0*q = -5*q - 10. Let m(b) = -7*b + 1. Let j be m(q). Calculate the highest common divisor of 3 and j.
3
Suppose 3182 = 44*v - 7*v. What is the greatest common divisor of 129 and v?
43
Let j(c) = 27*c - 2*c**2 + 0*c**2 + c**2 - 7*c - 31. Let h be j(17). Calculate the greatest common divisor of 30 and h.
10
Let a = -116 + 132. Suppose 4*r + 1 = -35. Let v = r - -17. Calculate the greatest common divisor of v and a.
8
Let r be -69*12/(1 + -5). Suppose -597 + r = -4*d - 2*b, 87 = d - 3*b. Calculate the highest common factor of 12 and d.
12
Let l be 300/(-18) + 8/12. Let r(f) = -f**3 - 16*f**2 - 5*f + 37. Let m be r(l). What is the highest common divisor of 39 and m?
39
Suppose 0 = -2*s + 5*s - 66. Let b = 1936 - 1925. Calculate the highest common divisor of s and b.
11
Let g be 16*9/144 - -3*14. Calculate the highest common divisor of g and 1849.
43
Let f be (-64)/(-60)*6*25 - 0. What is the greatest common divisor of f and 4?
4
Let z(m) = -41*m - 6. Let r be ((-68)/20 + 4)*(1 + -6). Let k be z(r). What is the greatest common factor of k and 13?
13
Suppose 2*n + 0*q - 9 = -3*q, 2*q = 5*n - 51. Calculate the greatest common factor of n and 1.
1
Let a = 7 + -119. Let h be 2/7 - 2544/a. Calculate the greatest common factor of h and 46.
23
Let t(r) = r**3 + 1. Let c be t(1). Suppose -n = -2*p + 35, -4*p - 6*n = -c*n - 64. Calculate the greatest common divisor of 68 and p.
17
Suppose -3*v = v - 12. Let y be 19*v/2*6. Let d(p) = p**2 - 29*p + 47. Let w be d(28). What is the greatest common divisor of y and w?
19
Suppose -3*c + 54 = -0*c. Let a = -1159 - -753. Let s = -262 - a. What is the greatest common factor of s and c?
18
Suppose -4*d = -5*f + 180, 0 = -5*f + 2*d + 129 + 51. Suppose 12*w - 16 = 32. Calculate the greatest common divisor of f and w.
4
Let b = 49 + -50. Let j be b*3 - 57/(-3). Suppose -x - 37 + 165 = 2*h, -4*h + 640 = 5*x. Calculate the greatest common divisor of j and x.
16
Suppose t + 55 - 62 = -g, 2*t + 4*g = 18. What is the highest common factor of 905 and t?
5
Suppose 4*z + 6*u - 954 = 4*u, -u = 3*z - 717. What is the highest common divisor of 660 and z?
60
Let g(j) = -3*j**2 - 9*j - 14. Let n be g(-5). Let s = 24 - n. Calculate the greatest common divisor of s and 34.
34
Suppose f + 868 = 4*u - f, 3*u - 625 = -5*f. Calculate the greatest common factor of u and 86.
43
Let m(y) be the second derivative of y**3/2 + y**2/2 + 4*y. Let a be m(1). Suppose -c + 3*c = 16. Calculate the greatest common factor of c and a.
4
Let p(o) = -151*o**3 + o**2 + o + 1. Let j be p(-1). Suppose 0 = -3*i - 3*s + 72, 0 = -s + 6*s - 25. What is the greatest common divisor of j and i?
19
Let y be 0 + (1 - 2 - 9). Let z = y + 13. Suppose -4*u = -89 - 19. What is the greatest common factor of u and z?
3
Let x(h) = -h**3 + 9*h**2 + 10*h - 3. Let f be x(10). Let t = 12 + f. Let v be 3*6/t*40. What is the highest common factor of 10 and v?
10
Suppose 0 = -u - 15 + 1. Let s = u - -26. What is the greatest common factor of s and 36?
12
Let p be 59 + (-2)/(-6) + 187/51. Calculate the highest common factor of p and 14.
7
Let i(g) = g**2. Let x = 12 - 14. Let h be i(x). Suppose h*v - 20 = 4. Calculate the highest common factor of v and 6.
6
Let l be (1 - 35)/2 - 1. Let q = l + 46. Calculate the greatest common divisor of 14 and q.
14
Let v = 96 + -48. What is the highest common factor of 152 and v?
8
Suppose -3*m + 2749 = 2*z - 6919, 3*z + 6428 = 2*m. Suppose 0 = 3*j + 4*j - m. Suppose 5*f = 9*f - j. Calculate the highest common factor of f and 46.
23
Suppose a - 3*p = -4*a + 210, 63 = 2*a + 3*p. Suppose 4*z - 2*s - 44 = 0, z + 4*z = -2*s + 73. Calculate the highest common divisor of a and z.
13
Suppose 4*k + 173 = -119. Let r = 48 - k. Let p = 37 + -26. Calculate the highest common divisor of r and p.
11
Let w = 68 - 48. Let d be (-2)/((-25)/w - -1). Calculate the greatest common factor of d and 64.
8
Let d = 1072 - 698. Suppose 3*y - 4*q - 122 = 0, -2*y + q - 97 = -5*y. What is the highest common divisor of d and y?
34
Let g(h) = 5*h + 27. Let r be g(-5). Let q be (r*(-1)/4)/((-2)/264). Calculate the greatest common divisor of 22 and q.
22
Let o be ((-32)/(-10))/(4/30). Suppose 5*r = -2*n + 184, n - 5*n = -2*r + 64. What is the highest common divisor of r and o?
12
Let q = -2858 + 5439. What is the greatest common divisor of q and 89?
89
Let k(r) = 4*r**2 + 45*r + 203. Let x be k(-4). Suppose -132 + 663 = 3*j. Let c = j - x. Calculate the greatest common factor of 36 and c.
18
Let r be (37 - -1)/(68/204). What is the highest common divisor of r and 570?
114
Let c(x) = x**2 + 2*x - 16. Let d be c(-8). Calculate the greatest common factor of d and 144.
16
Let s be 6 - 0*(-2)/(-4). Let p(u) = -2*u**2 - 72*u - 70. Let g be p(-35). Let b be -1 - g - 12/(-3) - 1. Calculate the highest common divisor of b and s.
2
Suppose -3*w - 2800 = -7*w. Suppose -3*a + 322 = 5*v, 4*v - w = -5*a - 172. Let z = 20 + -7. Calculate the highest common factor of a and z.
13
Let y = -101 + 96. Let m be (-21)/(y/(-4) - 2). Calculate the greatest common divisor of 56 and m.
28
Let j(f) = -f**2 + 14*f + 1. Let m be j(14). Let n = 1 + m. Suppose -4*v + 5*b + 0*b + 22 = 0, 0 = v - 3*b - n. Calculate the greatest common fact